-2*k + 22. Suppose 0 = -14*p + 3*p + 165. Let x = k - p. What is the remainder when 8 is divided by x?
3
Let f(l) = 2*l - 15. Let k be f(10). Suppose 0 = -k*r - a + 16, -3*r + 5 = -3*a - 1. Calculate the remainder when 90/21 + (-2)/7 is divided by r.
1
Let h be 0/((2/4)/(5/10)). Suppose -2*n + 126 = 3*v, -v + 2*n + 34 = -h*n. Calculate the remainder when v is divided by 14.
12
Suppose -5*x + 8 = -52. Let z be (-2 - -1)*125/5. Let d = z + 58. Calculate the remainder when d is divided by x.
9
Let l(f) = f + 3. Let b be l(-3). Suppose 38 = 4*x + 18. Calculate the remainder when 21 - 0 - (b + 2) is divided by x.
4
Let t be (5/(1*-20))/(2/(-136)). Let z(x) = -x**2 + 16*x + 38. Calculate the remainder when 99 is divided by z(t).
15
Let y(u) = 2*u - 26. Let r be y(14). Suppose 3*w = r*w + 28. Calculate the remainder when 52 is divided by w.
24
Let h(u) = -u + 4. Let r be h(-14). Suppose 3*b - 6*b = -r. What is the remainder when (-103)/(-7) + (-20)/(-70) is divided by b?
3
Suppose 2*x - 223 = -61. Let z = x - 33. Calculate the remainder when z is divided by 17.
14
Let i be (40/(-25))/(5/(225/(-6))). Let y = i - -1. What is the remainder when y is divided by 1?
0
Let p(d) = -3*d + 20. Let k be p(5). Suppose 2*b - 5*z - 27 = 0, -3*z - 27 = -k*b - 4*z. What is the remainder when b is divided by 3?
0
Let l = 790 + -717. Calculate the remainder when l is divided by 1056/28 + (-2)/(-7).
35
Suppose 3*z - 140 = 10. Let m(w) = -w**3 + w**2 - 35. Let a be m(0). Let p = z + a. Calculate the remainder when 29 is divided by p.
14
Let t = 66 + -69. Calculate the remainder when 46 is divided by (2 - (4 + t)) + (1 - -10).
10
Suppose -20*f + 25*f = 0. Suppose -4*c + 61 + 75 = f. Calculate the remainder when 133 is divided by c.
31
Suppose 3*y - 115 = x, -6*y + 33 = -5*y + 5*x. What is the remainder when -2 + (150 - (-9)/3) is divided by y?
37
Let d = -83 + 158. Let j = 79 - d. Calculate the remainder when 17 is divided by j.
1
Suppose -12 = -i + 54. Calculate the remainder when 190 is divided by i.
58
Let k = -173 + 193. What is the remainder when 89 is divided by k?
9
Let l = 112 + -65. Let w = l + -37. Calculate the remainder when w is divided by 1.
0
What is the remainder when 484 - (11 - 1 - 3) is divided by 8?
5
Suppose 2*g - 14 = 54. What is the remainder when 95 is divided by g?
27
Suppose l + 460 = 5*k, 318 = 3*k - 5*l + 20. What is the remainder when 192 is divided by k?
10
Let y(h) = -27*h - 1. Let r(b) = 80*b + 4. Let p(o) = 2*r(o) + 7*y(o). Calculate the remainder when p(-1) is divided by 16.
14
Let v(s) = 69*s + 1. Let u be v(2). Let r(k) = 34*k**2 - 9*k - 4. Let t be r(-3). Suppose 4*n - u - t = 0. What is the remainder when n is divided by 30?
27
Let u = -129 + 164. What is the remainder when u is divided by 19?
16
Suppose v + 32 - 229 = 0. What is the remainder when v is divided by 11?
10
Suppose 0 = -m + 3 - 8. Let k = -1 + m. Let c = 22 - k. What is the remainder when c is divided by 15?
13
Let w(d) = 3*d + 23. Let f(k) = 9*k + 69. Let b(t) = -4*f(t) + 11*w(t). Calculate the remainder when 82 is divided by b(-15).
16
Suppose p - 6*b = -b + 136, 4*b + 20 = 0. Let f be p/2*(-8)/(-12). Suppose -5*m = f - 97. What is the remainder when 33 is divided by m?
9
Let z be 10/(-35) + 447/21. Let t = -17 + z. What is the remainder when 12 is divided by t?
0
Calculate the remainder when (-3)/(-9) + (-628)/(-6) is divided by 32.
9
Let i be (10/8)/(2*(-4)/(-448)). Suppose -4*s + u - 11 + 89 = 0, i = 4*s + 3*u. Calculate the remainder when 264 is divided by s.
17
Let u(k) = k**3 + 5*k**2 - 2*k - 15. Let g be u(-5). Calculate the remainder when 21 is divided by g + 7 - -2*2.
3
Let a = -6 + 32. Calculate the remainder when a is divided by 12.
2
Let s = -4 + 26. Let z = 441 - 355. Calculate the remainder when z is divided by s.
20
Let w = 61 + -38. Suppose -4*h + 3 = -3*h. Suppose g - 65 = o, -g - 142 = -h*g - 4*o. What is the remainder when g is divided by w?
21
Let b = -14 - -48. Suppose 0 = a - 3, o + 15 = 2*o + 4*a. Suppose 0 = h + o*h - l - 72, -18 = -h - 5*l. Calculate the remainder when b is divided by h.
16
Suppose 138 + 12 = 5*x. Calculate the remainder when 389 is divided by x.
29
Let k(b) = -b**3 - 6*b**2 + 4*b + 3. Calculate the remainder when 63 is divided by k(-7).
15
Suppose -2*s - q = -s - 23, 5*s = 2*q + 80. Let m = 12 + -29. Let v = 50 + m. Calculate the remainder when v is divided by s.
15
What is the remainder when 3/(-5) - (-6 - 706/10) is divided by 21?
13
Let z(s) = -s**3 - 2*s**2 + 24*s + 9. Calculate the remainder when 9 is divided by z(-6).
0
Suppose 4*t + 3*r - 21 - 4 = 0, 0 = -4*r + 12. What is the remainder when 167 is divided by t?
3
Suppose 4*a - 462 = -5*v + 531, -4*v + 3*a = -813. What is the remainder when v is divided by 62?
15
Let m = 22 + 16. Suppose -m - 2 = -4*i. Calculate the remainder when 49 is divided by i.
9
Suppose 24*v - 4641 = 3*v. Calculate the remainder when v is divided by 15.
11
Suppose -8*a - 3*a + 165 = 0. Calculate the remainder when 24 is divided by a.
9
Let v = -70 - -107. Calculate the remainder when v is divided by 8.
5
Let g(p) = p**3 - 11*p**2 + 9*p + 14. Let i = -99 + 149. Suppose -s - 4*s + i = 0. What is the remainder when 14 is divided by g(s)?
2
Let p(g) = -g**3 - 2*g**2 - 4*g - 16. Let a = -5 - -25. Calculate the remainder when p(-5) is divided by a.
19
What is the remainder when 187 is divided by 1/(2/4) - 5 - -50?
46
Suppose -2 = 2*h - 370*k + 365*k, 0 = 5*h - 4*k - 29. Calculate the remainder when 511 is divided by h.
7
Let w = 84 + -58. Suppose 3*n = 4*n - w. What is the remainder when 101 is divided by n?
23
Let q be (75/20)/((-1)/(-12)). Suppose 2*c - 51 = -5*v, 2*c - 2*v + v - q = 0. Suppose 3*w - 10 - c = 0. Calculate the remainder when 39 is divided by w.
6
Suppose 2*d - 41 = -3*r, 5*r + 10 + 99 = 3*d. What is the remainder when 502 is divided by d?
26
Suppose 313 = 3*s + s - t, -5*s + 2*t + 389 = 0. What is the remainder when s is divided by 29?
21
Let p = -6 + -8. Let s = p - -25. Let i(j) = -15*j + 932. Calculate the remainder when i(60) is divided by s.
10
Let m(h) = h**2 + 18*h - 30. Calculate the remainder when m(-24) is divided by 11.
4
Let r(t) = t**3 - 10*t**2 + 8*t + 1. Let b be r(6). Let l be 8/(-12) - 4/12. What is the remainder when b*(0/l + -1) is divided by 24?
23
Suppose -4*g = 4153 + 27. Let x be (2/(-5))/((-11)/g). Let d = -17 - x. Calculate the remainder when d is divided by 11.
10
Let g be ((-11)/(-22))/(1/10). Suppose i = -g*k - 4, k = -i - 3*i - 16. Let b = i - -23. What is the remainder when b is divided by 11?
8
Let t(i) = 7*i**2 + 38*i - 11. Suppose 5*k = 153 + 27. Calculate the remainder when k is divided by t(-6).
10
What is the remainder when (10/(-3))/(9 + 2355/(-261)) is divided by 7?
5
Let g be 0 - (-4 - (-2 - -2)). Suppose -32 = -0*u - g*u. Let w(i) = 3*i**2 + 8*i - 20. What is the remainder when w(-5) is divided by u?
7
Let p(y) = -y**3 - 9*y**2 - 2*y - 9. Let b be p(-4). Let l = b + 90. What is the remainder when 28 is divided by l?
1
Let l(f) = f**3 - 13*f**2 + 2*f - 58. What is the remainder when l(15) is divided by 25?
22
Suppose r + 3*d = 29, -r - 5*d + 25 = -12. What is the remainder when 76 is divided by r?
8
Suppose 6*s - 645 = -33. Calculate the remainder when s is divided by 29.
15
Let f = 70 + -68. Calculate the remainder when 229 is divided by 172/8*f + (2 - -1).
45
Let w = 38 - 18. Let k be (-364)/(-6) - w/30. Suppose -4*d - 4*n + 64 = 0, 4*d - k = -3*n - 2*n. What is the remainder when 37 is divided by d?
17
Suppose 0 = d - 5*s + 2 - 22, 3*d - 2*s = 99. What is the remainder when 69 is divided by d?
34
Let n = 289 + -214. Calculate the remainder when n is divided by 40.
35
Let l(i) = -4*i**3 + 17*i**2 - 10*i + 13. Let p(z) = -z**3 - z**2 - 2*z - 1. Let n(v) = l(v) - 5*p(v). Calculate the remainder when 105 is divided by n(-22).
15
Suppose -2*q = -5*m + 898, -q - 393 = -2*m - 34. Calculate the remainder when m is divided by 37.
32
Let w = -779 + 849. Calculate the remainder when 252 is divided by w.
42
Let w = -9 - -6. Let d be (-6)/10*(w - 2). What is the remainder when 1 is divided by (d + -2)/(3 - 2)?
0
Let m = 1437 - 498. What is the remainder when m is divided by 10?
9
Suppose -2*z + 4*l + 27 - 1 = 0, 0 = -5*z - 4*l + 93. Suppose -5*j - 5*